{"id":5678,"date":"2024-02-13T12:54:22","date_gmt":"2024-02-13T11:54:22","guid":{"rendered":"https:\/\/www-neu.brueggen.com\/impression\/"},"modified":"2026-03-04T21:00:27","modified_gmt":"2026-03-04T20:00:27","slug":"mentions-legales","status":"publish","type":"page","link":"https:\/\/www.brueggen.com\/fr\/mentions-legales\/","title":{"rendered":"Mentions l\u00e9gales"},"content":{"rendered":"\t\t<div data-elementor-type=\"wp-page\" data-elementor-id=\"5678\" class=\"elementor elementor-5678 elementor-2708\" data-elementor-post-type=\"page\">\n\t\t\t\t\t\t<section class=\"elementor-section elementor-top-section elementor-element elementor-element-92d6857 elementor-section-boxed elementor-section-height-default elementor-section-height-default\" data-id=\"92d6857\" data-element_type=\"section\" data-e-type=\"section\">\n\t\t\t\t\t\t<div class=\"elementor-container elementor-column-gap-default\">\n\t\t\t\t\t<div class=\"elementor-column elementor-col-100 elementor-top-column elementor-element elementor-element-e889950\" data-id=\"e889950\" data-element_type=\"column\" data-e-type=\"column\">\n\t\t\t<div class=\"elementor-widget-wrap elementor-element-populated\">\n\t\t\t\t\t\t<section class=\"elementor-section elementor-inner-section elementor-element elementor-element-71388a1 elementor-section-boxed elementor-section-height-default elementor-section-height-default\" data-id=\"71388a1\" data-element_type=\"section\" data-e-type=\"section\">\n\t\t\t\t\t\t<div class=\"elementor-container elementor-column-gap-default\">\n\t\t\t\t\t<div class=\"elementor-column elementor-col-100 elementor-inner-column elementor-element elementor-element-d4e63c9 elementor-invisible\" data-id=\"d4e63c9\" data-element_type=\"column\" data-e-type=\"column\" data-settings=\"{&quot;animation&quot;:&quot;fadeIn&quot;}\">\n\t\t\t<div class=\"elementor-widget-wrap elementor-element-populated\">\n\t\t\t\t\t\t<div class=\"elementor-element elementor-element-9d09fe7 elementor-hidden-tablet elementor-hidden-mobile elementor-widget elementor-widget-spacer\" data-id=\"9d09fe7\" data-element_type=\"widget\" data-e-type=\"widget\" data-widget_type=\"spacer.default\">\n\t\t\t\t\t\t\t<div class=\"elementor-spacer\">\n\t\t\t<div class=\"elementor-spacer-inner\"><\/div>\n\t\t<\/div>\n\t\t\t\t\t\t<\/div>\n\t\t\t\t<div class=\"elementor-element elementor-element-70c1227 elementor-widget elementor-widget-heading\" data-id=\"70c1227\" data-element_type=\"widget\" data-e-type=\"widget\" data-widget_type=\"heading.default\">\n\t\t\t\t\t<h1 class=\"elementor-heading-title elementor-size-default\">Mentions l\u00e9gales<\/h1>\t\t\t\t<\/div>\n\t\t\t\t<div class=\"elementor-element elementor-element-f2c32e3 elementor-widget elementor-widget-text-editor\" data-id=\"f2c32e3\" data-element_type=\"widget\" data-e-type=\"widget\" data-widget_type=\"text-editor.default\">\n\t\t\t\t\t\t\t\t\t<p>Conform\u00e9ment au \u00a7 5 DDG<\/p><p><span data-teams=\"true\"><span class=\"ui-provider a b c d e f g h i j k l m n o p q r s t u v w x y z ab ac ae af ag ah ai aj ak\" dir=\"ltr\">Br\u00fcggen France SNC<br \/>Zone Industrielle Felet\u00a0<br \/>63300 Thiers<br \/>France<\/span><\/span><\/p><p><span data-teams=\"true\"><span class=\"ui-provider a b c d e f g h i j k l m n o p q r s t u v w x y z ab ac ae af ag ah ai aj ak\" dir=\"ltr\">Forme juridique: Soci\u00e9t\u00e9 en nom collectif\u00a0: BRUEGGEN FRANCE SNC\u00a0<\/span><\/span><\/p><p>T\u00e9l.: +33 4 73 53 30 06<br \/>E-mail: <a id=\"menurvo\" class=\"fui-Link ___1q1shib f2hkw1w f3rmtva f1ewtqcl fyind8e f1k6fduh f1w7gpdv fk6fouc fjoy568 figsok6 f1s184ao f1mk8lai fnbmjn9 f1o700av f13mvf36 f1cmlufx f9n3di6 f1ids18y f1tx3yz7 f1deo86v f1eh06m1 f1iescvh fhgqx19 f1olyrje f1p93eir f1nev41a f1h8hb77 f1lqvz6u f10aw75t fsle3fq f17ae5zn\" title=\"mailto:jean-michel.aune@brueggen.com\" href=\"mailto:jean-michel.aune@brueggen.com\" target=\"_blank\" rel=\"noreferrer noopener\" aria-label=\"Link jean-michel.aune@brueggen.com\">jean-michel.aune@brueggen.com<\/a><br \/>Insrcit au Registre du Commerce et des Soci\u00e9t\u00e9s de Thiers<\/p><p>Associ\u00e9s personnellement responsables : Jochen Br\u00fcggen, Johannes Br\u00fcggen, Hanno Br\u00fcggen<\/p><p>Inscrite au registre du commerce du tribunal d&rsquo;instance de L\u00fcbeck, HRA 160<\/p><p>Organisme de contr\u00f4le \u00e9cologique : DE-\u00d6KO-005<br \/>Num\u00e9ro d&rsquo;identification TVA : DE135074535<\/p><p>Responsable du contenu selon le \u00a7 18 MStV :<br \/>Torsten Becher<br \/>Gertrudenstra\u00dfe 15<br \/>23568 L\u00fcbeck<\/p>\t\t\t\t\t\t\t\t<\/div>\n\t\t\t\t\t<\/div>\n\t\t<\/div>\n\t\t\t\t\t<\/div>\n\t\t<\/section>\n\t\t\t\t\t<\/div>\n\t\t<\/div>\n\t\t\t\t\t<\/div>\n\t\t<\/section>\n\t\t<div class=\"elementor-element elementor-element-9424ad7 e-flex e-con-boxed e-con e-parent\" data-id=\"9424ad7\" data-element_type=\"container\" data-e-type=\"container\">\n\t\t\t\t\t<div class=\"e-con-inner\">\n\t\t\t\t<div class=\"elementor-element elementor-element-354bb7d elementor-widget elementor-widget-ucaddon_uc_material_bullets\" data-id=\"354bb7d\" data-element_type=\"widget\" data-e-type=\"widget\" data-widget_type=\"ucaddon_uc_material_bullets.default\">\n\t\t\t\t<div class=\"elementor-widget-container\">\n\t\t\t\t\t<!-- start Icon Bullets -->\n\t\t<link id='font-awesome-css' href='https:\/\/www.brueggen.com\/wp-content\/plugins\/unlimited-for-elementor-premium\/assets_libraries\/font-awesome5\/css\/fontawesome-all.min.css' type='text\/css' rel='stylesheet' >\n\t\t<link id='font-awesome-4-shim-css' href='https:\/\/www.brueggen.com\/wp-content\/plugins\/unlimited-for-elementor-premium\/assets_libraries\/font-awesome5\/css\/fontawesome-v4-shims.css' type='text\/css' rel='stylesheet' >\n\n\t\t\t<style type=\"text\/css\">\/* widget: Icon Bullets *\/\n\n\n\n#uc_uc_material_bullets_elementor_354bb7d *{\n\t-webkit-box-sizing: border-box;\n\t-moz-box-sizing: border-box;\n\tbox-sizing: border-box;\n}\n\n#uc_uc_material_bullets_elementor_354bb7d .ue-icon-wrapper{\n\tdisplay: flex;\n}\n\n#uc_uc_material_bullets_elementor_354bb7d .ue-icon{\n  display:flex;\n  align-items:center;\n  justify-content:center;\n  flex-grow:0;\n  flex-shrink:0;\n  line-height:1em;\n  transition:0.3s;\n}\n\n#uc_uc_material_bullets_elementor_354bb7d .ue-icon svg{\n  height:1em;\n  width:1em;\n}\n\n#uc_uc_material_bullets_elementor_354bb7d .uc_material_bullets_row{\n\tfont-weight:400;\n\toverflow:hidden;\n\tdisplay:flex;\n\tposition:relative;\n\ttext-align:left;\n\twidth:100%;   \n    transition:0.3s;\n}\n\n#uc_uc_material_bullets_elementor_354bb7d .uc_material_bullets_row a.ue-item-link{\n  position:absolute;\n  display:block;\n  top:0;\n  right:0;\n  left:0;\n  bottom:0;\n}\n\n#uc_uc_material_bullets_elementor_354bb7d .uc_material_bullets_row:last-child{\n\tmargin-bottom:0px !important;\n}\n\n\n#uc_uc_material_bullets_elementor_354bb7d .uc_material_bullets_row {\n\tposition:relative;\n\tvertical-align:middle;\n}\n\n#uc_uc_material_bullets_elementor_354bb7d .uc_material_bullets_row .uc_content_box{\n\tdisplay:flex;\n    flex-direction:column;\n    justify-content:center;\n    align-items: flex-start;\n    flex-grow:1;\n}\n\n#uc_uc_material_bullets_elementor_354bb7d .ue-bullets{\n  display:grid;\n}\n\n#uc_uc_material_bullets_elementor_354bb7d .ue-text, \n#uc_uc_material_bullets_elementor_354bb7d .ue-title, \n#uc_uc_material_bullets_elementor_354bb7d .ue-seperator{\n  width:100%;\n}\n\n#uc_uc_material_bullets_elementor_354bb7d .ue-seperator-line{\n  display:inline-block;\n  font-size:0px;\n}\n\n#uc_uc_material_bullets_elementor_354bb7d .ue-seperator{\n  font-size:0px;\n}\n\n#uc_uc_material_bullets_elementor_354bb7d.uc-remote-parent .uc_material_bullets_row{\n  cursor:pointer;\n}\n\n.ue-title{\n  font-size:21px;\n  margin:0;\n}\n\n#uc_uc_material_bullets_elementor_354bb7d .uc_content_box > *{\n  transition: all .3s;\n}\n\n<\/style>\n\n\t\t\t<div class=\"uc_material_bullets  \"  id=\"uc_uc_material_bullets_elementor_354bb7d\"  >   \t\n    \t<div class=\"ue-bullets uc-items-wrapper\">\n          \t<div class=\"uc_material_bullets_row elementor-repeater-item-415931d\">\n  <div class=\"ue-icon-wrapper\">\n              <div class=\"ue-icon\">\n                    <i class='fas fa-chevron-right'><\/i>                    \t\n\n                \n              <\/div>\n  <\/div>\n  <div class=\"uc_content_box uc_ceal\">\n    <div class=\"ue-title\">Informations sur la protection des donn\u00e9es pour les pr\u00e9sences dans les  m\u00e9dias sociaux<\/div>\n    \n    \t\n    \n    <div class=\"ue-text\"><\/div>\t\n  <\/div>\n   \n      <a href=\"https:\/\/www.brueggen.com\/wp-content\/uploads\/sites\/5\/2024\/07\/Informations-sur-la-protection-des-donnees-pour-les-presences-dans-les-medias-sociaux.pdf\" class=\"ue-item-link\"  target='_blank'><\/a>\n  \t\n<\/div>\n\n      <\/div>\n<\/div>\n\t\t\t<!-- end Icon Bullets -->\t\t\t\t<\/div>\n\t\t\t\t<\/div>\n\t\t\t\t\t<\/div>\n\t\t\t\t<\/div>\n\t\t\t\t<\/div>\n\t\t","protected":false},"excerpt":{"rendered":"<p>Mentions l\u00e9gales Conform\u00e9ment au \u00a7 5 DDG Br\u00fcggen France SNCZone Industrielle Felet\u00a063300 ThiersFrance Forme juridique: Soci\u00e9t\u00e9 en nom collectif\u00a0: BRUEGGEN FRANCE SNC\u00a0 T\u00e9l.: +33 4 73 53 30 06E-mail: jean-michel.aune@brueggen.comInsrcit au Registre du Commerce et des Soci\u00e9t\u00e9s de Thiers Associ\u00e9s personnellement responsables : Jochen Br\u00fcggen, Johannes Br\u00fcggen, Hanno Br\u00fcggen Inscrite au registre du commerce du&#8230;<\/p>\n","protected":false},"author":2,"featured_media":0,"parent":0,"menu_order":17,"comment_status":"closed","ping_status":"closed","template":"","meta":{"_kad_post_transparent":"","_kad_post_title":"","_kad_post_layout":"","_kad_post_sidebar_id":"","_kad_post_content_style":"","_kad_post_vertical_padding":"","_kad_post_feature":"","_kad_post_feature_position":"","_kad_post_header":false,"_kad_post_footer":false,"footnotes":""},"class_list":["post-5678","page","type-page","status-publish","hentry"],"_links":{"self":[{"href":"https:\/\/www.brueggen.com\/fr\/wp-json\/wp\/v2\/pages\/5678","targetHints":{"allow":["GET"]}}],"collection":[{"href":"https:\/\/www.brueggen.com\/fr\/wp-json\/wp\/v2\/pages"}],"about":[{"href":"https:\/\/www.brueggen.com\/fr\/wp-json\/wp\/v2\/types\/page"}],"author":[{"embeddable":true,"href":"https:\/\/www.brueggen.com\/fr\/wp-json\/wp\/v2\/users\/2"}],"replies":[{"embeddable":true,"href":"https:\/\/www.brueggen.com\/fr\/wp-json\/wp\/v2\/comments?post=5678"}],"version-history":[{"count":6,"href":"https:\/\/www.brueggen.com\/fr\/wp-json\/wp\/v2\/pages\/5678\/revisions"}],"predecessor-version":[{"id":33573,"href":"https:\/\/www.brueggen.com\/fr\/wp-json\/wp\/v2\/pages\/5678\/revisions\/33573"}],"wp:attachment":[{"href":"https:\/\/www.brueggen.com\/fr\/wp-json\/wp\/v2\/media?parent=5678"}],"curies":[{"name":"wp","href":"https:\/\/api.w.org\/{rel}","templated":true}]}}

Mentions légales

<div data-elementor-type="wp-page" data-elementor-id="5678" class="elementor elementor-5678 elementor-2708" data-elementor-post-type="page">
						<section class="elementor-section elementor-top-section elementor-element elementor-element-92d6857 elementor-section-boxed elementor-section-height-default elementor-section-height-default" data-id="92d6857" data-element_type="section" data-e-type="section">
						<div class="elementor-container elementor-column-gap-default">
					<div class="elementor-column elementor-col-100 elementor-top-column elementor-element elementor-element-e889950" data-id="e889950" data-element_type="column" data-e-type="column">
			<div class="elementor-widget-wrap elementor-element-populated">
						<section class="elementor-section elementor-inner-section elementor-element elementor-element-71388a1 elementor-section-boxed elementor-section-height-default elementor-section-height-default" data-id="71388a1" data-element_type="section" data-e-type="section">
						<div class="elementor-container elementor-column-gap-default">
					<div class="elementor-column elementor-col-100 elementor-inner-column elementor-element elementor-element-d4e63c9 elementor-invisible" data-id="d4e63c9" data-element_type="column" data-e-type="column" data-settings="{&quot;animation&quot;:&quot;fadeIn&quot;}">
			<div class="elementor-widget-wrap elementor-element-populated">
						<div class="elementor-element elementor-element-9d09fe7 elementor-hidden-tablet elementor-hidden-mobile elementor-widget elementor-widget-spacer" data-id="9d09fe7" data-element_type="widget" data-e-type="widget" data-widget_type="spacer.default">
							<div class="elementor-spacer">
			<div class="elementor-spacer-inner"></div>
		</div>
						</div>
				<div class="elementor-element elementor-element-70c1227 elementor-widget elementor-widget-heading" data-id="70c1227" data-element_type="widget" data-e-type="widget" data-widget_type="heading.default">
					<h1 class="elementor-heading-title elementor-size-default">Mentions légales</h1>				</div>
				<div class="elementor-element elementor-element-f2c32e3 elementor-widget elementor-widget-text-editor" data-id="f2c32e3" data-element_type="widget" data-e-type="widget" data-widget_type="text-editor.default">
									<p>Conformément au § 5 DDG</p><p><span data-teams="true"><span class="ui-provider a b c d e f g h i j k l m n o p q r s t u v w x y z ab ac ae af ag ah ai aj ak" dir="ltr">Brüggen France SNC<br />Zone Industrielle Felet <br />63300 Thiers<br />France</span></span></p><p><span data-teams="true"><span class="ui-provider a b c d e f g h i j k l m n o p q r s t u v w x y z ab ac ae af ag ah ai aj ak" dir="ltr">Forme juridique: Société en nom collectif : BRUEGGEN FRANCE SNC </span></span></p><p>Tél.: +33 4 73 53 30 06<br />E-mail: <a id="menurvo" class="fui-Link ___1q1shib f2hkw1w f3rmtva f1ewtqcl fyind8e f1k6fduh f1w7gpdv fk6fouc fjoy568 figsok6 f1s184ao f1mk8lai fnbmjn9 f1o700av f13mvf36 f1cmlufx f9n3di6 f1ids18y f1tx3yz7 f1deo86v f1eh06m1 f1iescvh fhgqx19 f1olyrje f1p93eir f1nev41a f1h8hb77 f1lqvz6u f10aw75t fsle3fq f17ae5zn" title="mailto:jean-michel.aune@brueggen.com" href="mailto:jean-michel.aune@brueggen.com" target="_blank" rel="noreferrer noopener" aria-label="Link jean-michel.aune@brueggen.com">jean-michel.aune@brueggen.com</a><br />Insrcit au Registre du Commerce et des Sociétés de Thiers</p><p>Associés personnellement responsables : Jochen Brüggen, Johannes Brüggen, Hanno Brüggen</p><p>Inscrite au registre du commerce du tribunal d&rsquo;instance de Lübeck, HRA 160</p><p>Organisme de contrôle écologique : DE-ÖKO-005<br />Numéro d&rsquo;identification TVA : DE135074535</p><p>Responsable du contenu selon le § 18 MStV :<br />Torsten Becher<br />Gertrudenstraße 15<br />23568 Lübeck</p>								</div>
					</div>
		</div>
					</div>
		</section>
					</div>
		</div>
					</div>
		</section>
		<div class="elementor-element elementor-element-9424ad7 e-flex e-con-boxed e-con e-parent" data-id="9424ad7" data-element_type="container" data-e-type="container">
					<div class="e-con-inner">
				<div class="elementor-element elementor-element-354bb7d elementor-widget elementor-widget-ucaddon_uc_material_bullets" data-id="354bb7d" data-element_type="widget" data-e-type="widget" data-widget_type="ucaddon_uc_material_bullets.default">
				<div class="elementor-widget-container">
					<!-- start Icon Bullets -->
		<link id='font-awesome-css' href='https://www.brueggen.com/wp-content/plugins/unlimited-for-elementor-premium/assets_libraries/font-awesome5/css/fontawesome-all.min.css' type='text/css' rel='stylesheet' >
		<link id='font-awesome-4-shim-css' href='https://www.brueggen.com/wp-content/plugins/unlimited-for-elementor-premium/assets_libraries/font-awesome5/css/fontawesome-v4-shims.css' type='text/css' rel='stylesheet' >

			<style type="text/css">/* widget: Icon Bullets */



#uc_uc_material_bullets_elementor_354bb7d *{
	-webkit-box-sizing: border-box;
	-moz-box-sizing: border-box;
	box-sizing: border-box;
}

#uc_uc_material_bullets_elementor_354bb7d .ue-icon-wrapper{
	display: flex;
}

#uc_uc_material_bullets_elementor_354bb7d .ue-icon{
  display:flex;
  align-items:center;
  justify-content:center;
  flex-grow:0;
  flex-shrink:0;
  line-height:1em;
  transition:0.3s;
}

#uc_uc_material_bullets_elementor_354bb7d .ue-icon svg{
  height:1em;
  width:1em;
}

#uc_uc_material_bullets_elementor_354bb7d .uc_material_bullets_row{
	font-weight:400;
	overflow:hidden;
	display:flex;
	position:relative;
	text-align:left;
	width:100%;   
    transition:0.3s;
}

#uc_uc_material_bullets_elementor_354bb7d .uc_material_bullets_row a.ue-item-link{
  position:absolute;
  display:block;
  top:0;
  right:0;
  left:0;
  bottom:0;
}

#uc_uc_material_bullets_elementor_354bb7d .uc_material_bullets_row:last-child{
	margin-bottom:0px !important;
}


#uc_uc_material_bullets_elementor_354bb7d .uc_material_bullets_row {
	position:relative;
	vertical-align:middle;
}

#uc_uc_material_bullets_elementor_354bb7d .uc_material_bullets_row .uc_content_box{
	display:flex;
    flex-direction:column;
    justify-content:center;
    align-items: flex-start;
    flex-grow:1;
}

#uc_uc_material_bullets_elementor_354bb7d .ue-bullets{
  display:grid;
}

#uc_uc_material_bullets_elementor_354bb7d .ue-text, 
#uc_uc_material_bullets_elementor_354bb7d .ue-title, 
#uc_uc_material_bullets_elementor_354bb7d .ue-seperator{
  width:100%;
}

#uc_uc_material_bullets_elementor_354bb7d .ue-seperator-line{
  display:inline-block;
  font-size:0px;
}

#uc_uc_material_bullets_elementor_354bb7d .ue-seperator{
  font-size:0px;
}

#uc_uc_material_bullets_elementor_354bb7d.uc-remote-parent .uc_material_bullets_row{
  cursor:pointer;
}

.ue-title{
  font-size:21px;
  margin:0;
}

#uc_uc_material_bullets_elementor_354bb7d .uc_content_box > *{
  transition: all .3s;
}

</style>

			<div class="uc_material_bullets  "  id="uc_uc_material_bullets_elementor_354bb7d"  >   	
    	<div class="ue-bullets uc-items-wrapper">
          	<div class="uc_material_bullets_row elementor-repeater-item-415931d">
  <div class="ue-icon-wrapper">
              <div class="ue-icon">
                    <i class='fas fa-chevron-right'></i>                    	

                
              </div>
  </div>
  <div class="uc_content_box uc_ceal">
    <div class="ue-title">Informations sur la protection des données pour les présences dans les  médias sociaux</div>
    
    	
    
    <div class="ue-text"></div>	
  </div>
   
      <a href="https://www.brueggen.com/wp-content/uploads/sites/5/2024/07/Informations-sur-la-protection-des-donnees-pour-les-presences-dans-les-medias-sociaux.pdf" class="ue-item-link"  target='_blank'></a>
  	
</div>

      </div>
</div>
			<!-- end Icon Bullets -->				</div>
				</div>
					</div>
				</div>
				</div>

<p>Mentions légales Conformément au § 5 DDG Brüggen France SNCZone Industrielle Felet 63300 ThiersFrance Forme juridique: Société en nom collectif : BRUEGGEN FRANCE SNC  Tél.: +33 4 73 53 30 06E-mail: jean-michel.aune@brueggen.comInsrcit au Registre du Commerce et des Sociétés de Thiers Associés personnellement responsables : Jochen Brüggen, Johannes Brüggen, Hanno Brüggen Inscrite au registre du commerce du&#8230;</p>
