{"id":7650,"date":"2024-03-20T15:59:58","date_gmt":"2024-03-20T14:59:58","guid":{"rendered":"https:\/\/www.brueggen.com\/?page_id=7650"},"modified":"2026-03-04T22:20:12","modified_gmt":"2026-03-04T21:20:12","slug":"inzynier-projektow-technicznych","status":"publish","type":"page","link":"https:\/\/www.brueggen.com\/pl\/praca-i-kariera\/ogloszenia-o-prace\/inzynier-projektow-technicznych\/","title":{"rendered":"In\u017cynier Projekt\u00f3w Technicznych"},"content":{"rendered":"\t\t<div data-elementor-type=\"wp-page\" data-elementor-id=\"7650\" class=\"elementor elementor-7650\" data-elementor-post-type=\"page\">\n\t\t\t\t\t\t<section class=\"elementor-section elementor-top-section elementor-element elementor-element-1377449 elementor-section-boxed elementor-section-height-default elementor-section-height-default\" data-id=\"1377449\" data-element_type=\"section\" data-e-type=\"section\">\n\t\t\t\t\t\t<div class=\"elementor-container elementor-column-gap-default\">\n\t\t\t\t\t<div class=\"elementor-column elementor-col-100 elementor-top-column elementor-element elementor-element-be067dd\" data-id=\"be067dd\" data-element_type=\"column\" data-e-type=\"column\">\n\t\t\t<div class=\"elementor-widget-wrap elementor-element-populated\">\n\t\t\t\t\t\t<section class=\"elementor-section elementor-inner-section elementor-element elementor-element-cb2d10c elementor-section-boxed elementor-section-height-default elementor-section-height-default\" data-id=\"cb2d10c\" data-element_type=\"section\" data-e-type=\"section\">\n\t\t\t\t\t\t<div class=\"elementor-container elementor-column-gap-default\">\n\t\t\t\t\t<div class=\"elementor-column elementor-col-100 elementor-inner-column elementor-element elementor-element-48bf1d3 elementor-invisible\" data-id=\"48bf1d3\" data-element_type=\"column\" data-e-type=\"column\" data-settings=\"{&quot;animation&quot;:&quot;fadeIn&quot;}\">\n\t\t\t<div class=\"elementor-widget-wrap elementor-element-populated\">\n\t\t\t\t\t\t<div class=\"elementor-element elementor-element-6c1cd33 elementor-widget elementor-widget-spacer\" data-id=\"6c1cd33\" data-element_type=\"widget\" data-e-type=\"widget\" data-widget_type=\"spacer.default\">\n\t\t\t\t\t\t\t<div class=\"elementor-spacer\">\n\t\t\t<div class=\"elementor-spacer-inner\"><\/div>\n\t\t<\/div>\n\t\t\t\t\t\t<\/div>\n\t\t\t\t<div class=\"elementor-element elementor-element-809def4 elementor-widget elementor-widget-heading\" data-id=\"809def4\" data-element_type=\"widget\" data-e-type=\"widget\" data-widget_type=\"heading.default\">\n\t\t\t\t\t<h1 class=\"elementor-heading-title elementor-size-default\">In\u017cynier Projekt\u00f3w Technicznych<\/h1>\t\t\t\t<\/div>\n\t\t\t\t<div class=\"elementor-element elementor-element-6ccb3b0 elementor-widget elementor-widget-text-editor\" data-id=\"6ccb3b0\" data-element_type=\"widget\" data-e-type=\"widget\" data-widget_type=\"text-editor.default\">\n\t\t\t\t\t\t\t\t\t<p>Celej\u00f3w k. Wilga (powiat garwoli\u0144ski) Region: mazowieckie<\/p><h3>Zakres obowi\u0105zk\u00f3w:<\/h3><ul><li>Prowadzenie dokumentacji dla projekt\u00f3w prowadzonych w zespole.<\/li><li>Wykonywanie zleconych zestawie\u0144, prezentacji, instrukcji, procedur.<\/li><li>Obs\u0142uga firm zewn\u0119trznych w zakresie niezb\u0119dnej dokumentacji prac i szkole\u0144 wst\u0119pnych<\/li><li>Wsp\u00f3\u0142praca z dzia\u0142ami Controlingu, Planowania, Produkcji oraz Utrzymania Ruchu<\/li><\/ul><h3>Oczekiwania wobec kandydat\u00f3w:<\/h3><ul><li>Wykszta\u0142cenie wy\u017csze techniczne (Mechanika i Budowa Maszyn, Mechatronika, Automatyka i Robotyka lub pokrewne).<\/li><li>Minimum 3 lata do\u015bwiadczenia na podobnym stanowisku.<\/li><li>Umiej\u0119tno\u015b\u0107 w pos\u0142ugiwaniu si\u0119 dokumentacj\u0105 techniczn\u0105<\/li><li>Bardzo dobra znajomo\u015b\u0107 pakietu MS Office.<\/li><li>Znajomo\u015b\u0107 oprogramowania Autocad<\/li><li>Znajomo\u015b\u0107 zagadnie\u0144 modelowania 3D (SolidWorks lub pokrewne)<\/li><li>Komunikatywna znajomo\u015b\u0107 j\u0119zyka angielskiego w mowie i pi\u015bmie.<\/li><li>Komunikatywno\u015b\u0107 oraz umiej\u0119tno\u015b\u0107 pracy w zespole.<\/li><li>Zdolno\u015bci organizacyjne i umiej\u0119tno\u015b\u0107 pracy pod presj\u0105 czasu.<\/li><li>Zaanga\u017cowanie i samodzielno\u015b\u0107 w dzia\u0142aniu.<\/li><\/ul><h3>Oferujemy:<\/h3><ul><li>Umow\u0119 o prac\u0119 w rozwijaj\u0105cej si\u0119, mi\u0119dzynarodowej firmie.<\/li><li>Podnoszenie kwalifikacji zawodowych poprzez program szkole\u0144.<\/li><li>Pakiet benefit\u00f3w: grupowe ubezpieczenie na \u017cycie, prywatn\u0105 opiek\u0119 medyczn\u0105, bezp\u0142atne wej\u015bcia na basen, deputaty produktowe, \u015bwi\u0105teczne bony.<\/li><\/ul><p><sup>Zgodnie z art. 13 ust. 1 i ust. 2 Og\u00f3lnego Rozporz\u0105dzenia o ochronie danych osobowych z dnia 27 kwietnia 2016 r. informuj\u0119, i\u017c Administratorem Pani\/Pana danych osobowych jest: Br\u00fcggen Polska Sp. z o.o. z siedzib\u0105 w Warszawie 00-613, ul. Cha\u0142ubi\u0144skiego 8; W sprawie pozyskania szczeg\u00f3\u0142owych informacji o danych osobowych mo\u017cna kontaktowa\u0107 si\u0119 pod adresem mailowym: dane.osobowe@brueggen.com<\/sup><\/p>\t\t\t\t\t\t\t\t<\/div>\n\t\t\t\t<div class=\"elementor-element elementor-element-7b6d592 elementor-tablet-align-center elementor-align-left elementor-widget elementor-widget-button\" data-id=\"7b6d592\" data-element_type=\"widget\" data-e-type=\"widget\" data-widget_type=\"button.default\">\n\t\t\t\t\t\t\t\t\t\t<a class=\"elementor-button elementor-button-link elementor-size-xs\" href=\"https:\/\/system.erecruiter.pl\/FormTemplates\/RecruitmentForm.aspx?WebID=7f1d4425f51849ab9feabb1b1a521307\" target=\"_blank\" rel=\"noopener\">\n\t\t\t\t\t\t<span class=\"elementor-button-content-wrapper\">\n\t\t\t\t\t\t\t\t\t<span class=\"elementor-button-text\">Aplikuj<\/span>\n\t\t\t\t\t<\/span>\n\t\t\t\t\t<\/a>\n\t\t\t\t\t\t\t\t<\/div>\n\t\t\t\t\t<\/div>\n\t\t<\/div>\n\t\t\t\t\t<\/div>\n\t\t<\/section>\n\t\t\t\t\t<\/div>\n\t\t<\/div>\n\t\t\t\t\t<\/div>\n\t\t<\/section>\n\t\t\t\t<\/div>\n\t\t","protected":false},"excerpt":{"rendered":"<p>In\u017cynier Projekt\u00f3w Technicznych Celej\u00f3w k. Wilga (powiat garwoli\u0144ski) Region: mazowieckie Zakres obowi\u0105zk\u00f3w: Prowadzenie dokumentacji dla projekt\u00f3w prowadzonych w zespole. Wykonywanie zleconych zestawie\u0144, prezentacji, instrukcji, procedur. Obs\u0142uga firm zewn\u0119trznych w zakresie niezb\u0119dnej dokumentacji prac i szkole\u0144 wst\u0119pnych Wsp\u00f3\u0142praca z dzia\u0142ami Controlingu, Planowania, Produkcji oraz Utrzymania Ruchu Oczekiwania wobec kandydat\u00f3w: Wykszta\u0142cenie wy\u017csze techniczne (Mechanika i Budowa Maszyn,&#8230;<\/p>\n","protected":false},"author":2,"featured_media":0,"parent":7583,"menu_order":25,"comment_status":"closed","ping_status":"closed","template":"","meta":{"_kad_post_transparent":"","_kad_post_title":"hide","_kad_post_layout":"fullwidth","_kad_post_sidebar_id":"","_kad_post_content_style":"unboxed","_kad_post_vertical_padding":"hide","_kad_post_feature":"hide","_kad_post_feature_position":"","_kad_post_header":false,"_kad_post_footer":false,"footnotes":""},"class_list":["post-7650","page","type-page","status-publish","hentry"],"_links":{"self":[{"href":"https:\/\/www.brueggen.com\/pl\/wp-json\/wp\/v2\/pages\/7650","targetHints":{"allow":["GET"]}}],"collection":[{"href":"https:\/\/www.brueggen.com\/pl\/wp-json\/wp\/v2\/pages"}],"about":[{"href":"https:\/\/www.brueggen.com\/pl\/wp-json\/wp\/v2\/types\/page"}],"author":[{"embeddable":true,"href":"https:\/\/www.brueggen.com\/pl\/wp-json\/wp\/v2\/users\/2"}],"replies":[{"embeddable":true,"href":"https:\/\/www.brueggen.com\/pl\/wp-json\/wp\/v2\/comments?post=7650"}],"version-history":[{"count":3,"href":"https:\/\/www.brueggen.com\/pl\/wp-json\/wp\/v2\/pages\/7650\/revisions"}],"predecessor-version":[{"id":33835,"href":"https:\/\/www.brueggen.com\/pl\/wp-json\/wp\/v2\/pages\/7650\/revisions\/33835"}],"up":[{"embeddable":true,"href":"https:\/\/www.brueggen.com\/pl\/wp-json\/wp\/v2\/pages\/7583"}],"wp:attachment":[{"href":"https:\/\/www.brueggen.com\/pl\/wp-json\/wp\/v2\/media?parent=7650"}],"curies":[{"name":"wp","href":"https:\/\/api.w.org\/{rel}","templated":true}]}}

Inżynier Projektów Technicznych

<div data-elementor-type="wp-page" data-elementor-id="7650" class="elementor elementor-7650" data-elementor-post-type="page">
						<section class="elementor-section elementor-top-section elementor-element elementor-element-1377449 elementor-section-boxed elementor-section-height-default elementor-section-height-default" data-id="1377449" data-element_type="section" data-e-type="section">
						<div class="elementor-container elementor-column-gap-default">
					<div class="elementor-column elementor-col-100 elementor-top-column elementor-element elementor-element-be067dd" data-id="be067dd" data-element_type="column" data-e-type="column">
			<div class="elementor-widget-wrap elementor-element-populated">
						<section class="elementor-section elementor-inner-section elementor-element elementor-element-cb2d10c elementor-section-boxed elementor-section-height-default elementor-section-height-default" data-id="cb2d10c" data-element_type="section" data-e-type="section">
						<div class="elementor-container elementor-column-gap-default">
					<div class="elementor-column elementor-col-100 elementor-inner-column elementor-element elementor-element-48bf1d3 elementor-invisible" data-id="48bf1d3" data-element_type="column" data-e-type="column" data-settings="{&quot;animation&quot;:&quot;fadeIn&quot;}">
			<div class="elementor-widget-wrap elementor-element-populated">
						<div class="elementor-element elementor-element-6c1cd33 elementor-widget elementor-widget-spacer" data-id="6c1cd33" data-element_type="widget" data-e-type="widget" data-widget_type="spacer.default">
							<div class="elementor-spacer">
			<div class="elementor-spacer-inner"></div>
		</div>
						</div>
				<div class="elementor-element elementor-element-809def4 elementor-widget elementor-widget-heading" data-id="809def4" data-element_type="widget" data-e-type="widget" data-widget_type="heading.default">
					<h1 class="elementor-heading-title elementor-size-default">Inżynier Projektów Technicznych</h1>				</div>
				<div class="elementor-element elementor-element-6ccb3b0 elementor-widget elementor-widget-text-editor" data-id="6ccb3b0" data-element_type="widget" data-e-type="widget" data-widget_type="text-editor.default">
									<p>Celejów k. Wilga (powiat garwoliński) Region: mazowieckie</p><h3>Zakres obowiązków:</h3><ul><li>Prowadzenie dokumentacji dla projektów prowadzonych w zespole.</li><li>Wykonywanie zleconych zestawień, prezentacji, instrukcji, procedur.</li><li>Obsługa firm zewnętrznych w zakresie niezbędnej dokumentacji prac i szkoleń wstępnych</li><li>Współpraca z działami Controlingu, Planowania, Produkcji oraz Utrzymania Ruchu</li></ul><h3>Oczekiwania wobec kandydatów:</h3><ul><li>Wykształcenie wyższe techniczne (Mechanika i Budowa Maszyn, Mechatronika, Automatyka i Robotyka lub pokrewne).</li><li>Minimum 3 lata doświadczenia na podobnym stanowisku.</li><li>Umiejętność w posługiwaniu się dokumentacją techniczną</li><li>Bardzo dobra znajomość pakietu MS Office.</li><li>Znajomość oprogramowania Autocad</li><li>Znajomość zagadnień modelowania 3D (SolidWorks lub pokrewne)</li><li>Komunikatywna znajomość języka angielskiego w mowie i piśmie.</li><li>Komunikatywność oraz umiejętność pracy w zespole.</li><li>Zdolności organizacyjne i umiejętność pracy pod presją czasu.</li><li>Zaangażowanie i samodzielność w działaniu.</li></ul><h3>Oferujemy:</h3><ul><li>Umowę o pracę w rozwijającej się, międzynarodowej firmie.</li><li>Podnoszenie kwalifikacji zawodowych poprzez program szkoleń.</li><li>Pakiet benefitów: grupowe ubezpieczenie na życie, prywatną opiekę medyczną, bezpłatne wejścia na basen, deputaty produktowe, świąteczne bony.</li></ul><p><sup>Zgodnie z art. 13 ust. 1 i ust. 2 Ogólnego Rozporządzenia o ochronie danych osobowych z dnia 27 kwietnia 2016 r. informuję, iż Administratorem Pani/Pana danych osobowych jest: Brüggen Polska Sp. z o.o. z siedzibą w Warszawie 00-613, ul. Chałubińskiego 8; W sprawie pozyskania szczegółowych informacji o danych osobowych można kontaktować się pod adresem mailowym: dane.osobowe@brueggen.com</sup></p>								</div>
				<div class="elementor-element elementor-element-7b6d592 elementor-tablet-align-center elementor-align-left elementor-widget elementor-widget-button" data-id="7b6d592" data-element_type="widget" data-e-type="widget" data-widget_type="button.default">
										<a class="elementor-button elementor-button-link elementor-size-xs" href="https://system.erecruiter.pl/FormTemplates/RecruitmentForm.aspx?WebID=7f1d4425f51849ab9feabb1b1a521307" target="_blank" rel="noopener">
						<span class="elementor-button-content-wrapper">
									<span class="elementor-button-text">Aplikuj</span>
					</span>
					</a>
								</div>
					</div>
		</div>
					</div>
		</section>
					</div>
		</div>
					</div>
		</section>
				</div>

<p>Inżynier Projektów Technicznych Celejów k. Wilga (powiat garwoliński) Region: mazowieckie Zakres obowiązków: Prowadzenie dokumentacji dla projektów prowadzonych w zespole. Wykonywanie zleconych zestawień, prezentacji, instrukcji, procedur. Obsługa firm zewnętrznych w zakresie niezbędnej dokumentacji prac i szkoleń wstępnych Współpraca z działami Controlingu, Planowania, Produkcji oraz Utrzymania Ruchu Oczekiwania wobec kandydatów: Wykształcenie wyższe techniczne (Mechanika i Budowa Maszyn,&#8230;</p>
